2 - 3*f - 9. Let r(m) = 6*b(m) + 17*q(m). Let l = 2 - -2. Let v = l + -1. What is r(v)?
3
Let z(o) = -o**2 - 8*o - 6. Let v(q) = q**2 + 7*q + 5. Suppose -5*l - 1 = -u - 12, -3*l + 15 = -2*u. Let c(y) = u*z(y) - 7*v(y). Calculate c(-2).
-1
Let z(g) = 3*g - 4. Let p be 14/12 + 3/(-18). Suppose 2*w = -7 - p. What is z(w)?
-16
Let o = -7/124 + 145/372. Let g(v) be the first derivative of -7*v + 6 - o*v**3 - 1/4*v**4 + 1/2*v**2. Give g(0).
-7
Let q(a) = -a + 5. Let n be q(-5). Suppose 2*h = 7*h - n. Suppose 4*k - h*k = 0. Let c(u) = -u + 6. Give c(k).
6
Let q(n) = 3*n. Let z = -33 - -30. Let g be 85/15 + (-2)/3. Let k = g + z. What is q(k)?
6
Let s(w) be the third derivative of -w**7/840 - w**6/36 - w**5/15 + 7*w**4/24 - 19*w**3/6 + 14*w**2. Let j(a) be the first derivative of s(a). Give j(-9).
-2
Suppose -2*z + 18 = 3*k, 7*z = 3*z. Let a(q) be the first derivative of -q**3/3 + 5*q**2/2 - q - 4. Give a(k).
-7
Suppose -2*v = -2*k - 8, 5*k + 2 = 2*v + v. Let m(o) = -5*o - 6*o + 19*o - 6 - v*o. Let j(f) = f**3 + 4*f**2 + 2*f + 4. Let i be j(-4). Calculate m(i).
-2
Let b be (-172)/36 - (-28)/(-126). Let a(p) = -p - 6. What is a(b)?
-1
Let m(k) = k**3 + 2*k**2 - 1. Let x(v) = v**3 + 9*v**2 + 3*v + 3. Let n(r) = -2*m(r) + x(r). What is n(5)?
20
Let d(i) be the first derivative of i**3/3 + 5*i**2/2 - 9*i + 231. Determine d(-8).
15
Let m(s) = -s**3 - 8*s**2 - s + 10. Suppose 5*w = 2*f - 31, w = -3*f - 10 - 3. Calculate m(w).
-32
Let l(u) = 7*u**2. Suppose 0 = 5*b + v, 3*v + 10 + 3 = -2*b. Let p = 8 + -4. Suppose -p*z - 21 = q, -q + z - b = -5. Calculate l(q).
7
Suppose -23 = 5*s + 2*r, -5*r - 11 - 9 = 0. Let h(a) = 8*a**2 - a + 20. Let n(y) = 15*y**2 - y + 37. Let q(f) = 11*h(f) - 6*n(f). What is q(s)?
-5
Let y(x) = 9*x + 79. Let m be y(-10). Let b(q) = q + 12. Give b(m).
1
Let a(s) = s**3 - 8*s**2 - 21*s - 8. Let y(b) be the second derivative of -b**4/6 - 5*b**3/6 - b**2 + b + 17. Let v(r) = 2*a(r) - 9*y(r). Give v(-2).
-12
Let f(h) be the third derivative of 1/12*h**4 + 1/2*h**3 + 1/30*h**5 + 0*h - 12*h**2 + 0. What is f(-2)?
7
Let g = -41 + 51. Let y(a) = -11*a + 10*a + a - g*a**2. What is y(-1)?
-10
Let r(h) = 3*h - 19. Let d be r(-28). Let t = 102 + d. Let l(b) = 8*b - 1. Calculate l(t).
-9
Let w(q) = -2*q**2 + 3*q + 1. Let f be 0/(2 - 5) - (-1 - -1). Suppose -5*i + 2*t - 4*t + 15 = f, 0 = i - 2*t - 3. Determine w(i).
-8
Let l(b) be the second derivative of -b**3/6 + b**2/2 + 2*b. Let s = 33 + -29. Suppose -2*q + 4 = m, 4 = -s*m + 2*q - 0. Give l(m).
1
Let l(o) = o**3 - 5*o**2 + 5*o - 6. Suppose 3*b - 2*b = 3*d + 23, 0 = -2*d - 5*b - 38. Let x be (-3)/((108/16)/d). What is l(x)?
-2
Let d = -14 - -17. Let o(z) = -56*z + 0 + 55*z + 2 + d. Let i(b) = -b**2 + 3*b + 4. Let u be i(3). Give o(u).
1
Let t be (-114)/(-22) - (-28)/(-154). Suppose -3*f + 35 + 11 = -4*z, -t*z = 20. Let d(y) = -2 + f + y + 4. Determine d(-5).
7
Let o(u) = -2*u**2 + 16*u + 12. Let j(f) = -f**2 + 8*f + 6. Let n(m) = 5*j(m) - 2*o(m). Calculate n(10).
-14
Let w be (6/(-9) + (-1)/(-15))*-5. Let p(o) = 6*o**3 + 6*o**w - 2 - 13*o**3 - 5 - 5*o**2. Calculate p(-5).
-7
Suppose p = 2*k + 39, 270 = 5*p - 5*k + 90. Let z(v) = 63*v - 32*v + 11 - 4 - p*v. Let l(s) = -6*s. Let x be l(1). Give z(x).
19
Let g be 5*-4*4/20. Let q(r) = -r + r - 5*r**3 + 2*r + 231*r**2 - 234*r**2 + 4*r**3. What is q(g)?
8
Let r(s) = -21*s**3 + 2 - 3 + 5 - 3. Determine r(-1).
22
Let h(z) = 7*z**2 + z - 1. Let s(g) = -22*g**2 + 9*g - 5. Let w(d) = 3*h(d) + s(d). Calculate w(8).
24
Let r(a) = 2*a**3 - 76*a**2 - 159*a - 48. Let g be r(40). Let b(k) = k**2 + 8*k - 4. Calculate b(g).
-4
Let i(q) = -4*q**3 - q**3 + 4*q**2 + 6*q**3 + 3*q + 2 + 0*q**3. Let c be i(-3). Let k(m) = -3*m**2 + 2 - 5 + 0 + 4*m**2 + 2*m. Calculate k(c).
5
Let u(m) = 7*m - 9. Let t(x) = -4*x + 1. Let v(j) = -2*t(j) - u(j). Give v(-6).
1
Let j(u) = -u. Let s be j(-1). Let q be (s/(0 + -1))/(-1). Let c(k) = 5*k**2 - 2*k**2 - 5*k**2 + 1 - 2*k**2. Determine c(q).
-3
Let r(y) = y**2 + y - 1. Let h(o) = -o**3 - 5*o**2 - 4*o + 5. Let m be 1*1/(-1) - 2. Let f = -63 + 62. Let n(c) = f*h(c) + m*r(c). Determine n(-2).
-4
Let c(y) = -4*y - 4. Let d(v) = v**2 + 2*v - 5. Let b be d(2). Suppose 0 = 5*j - 2*s + 27, b*s + 13 = -3*j + 1. What is c(j)?
16
Let y = -248 + 273. Let b(i) = i**3 - 26*i**2 + 27*i - 54. Give b(y).
-4
Let m(y) = -y**3 - 4*y**2 - 2*y - 5. Let j(h) = -2*h**3 - 4*h**2 - h - 5. Let f(q) = q + 8. Let i be f(-5). Let b(g) = i*m(g) - 2*j(g). Determine b(5).
0
Let v(a) = -a**2 - 3*a + 88. Let y be v(-11). Let x(f) = f**2 + 2*f - 2. Calculate x(y).
-2
Let p(v) = -2*v**3 + 3*v**2 - 2*v + 3. Let q be 96/54 - 4/(-18). Suppose 4*c - 46 = -2*y, -2*c + 7*c - 62 = q*y. Let a be (-6)/(-4) - (-6)/c. Calculate p(a).
-5
Let p(w) = -6*w - 15*w + 192*w**2 - 2 - 189*w**2 - 2*w + 2*w. Calculate p(7).
-2
Let m(w) be the third derivative of -2/3*w**3 + 1/15*w**5 - 1/120*w**6 + w**2 + 0 + 0*w + 1/24*w**4. Determine m(3).
8
Let w(q) = 3*q**2 - 5*q - 18. Let s(h) = -5*h**2 + 7*h + 28. Let y(d) = 5*s(d) + 8*w(d). What is y(-5)?
-4
Suppose -5*n = 1 + 4. Let x(d) be the first derivative of -d**2 + 18 - 4*d**2 + 17*d - 18*d. Give x(n).
9
Let o = -88 - -96. Let x(k) = -k**3 + 9*k**2 - 8*k + 5. What is x(o)?
5
Let y(h) be the first derivative of -h**6/120 - h**5/15 + 5*h**4/24 + 5*h**3/6 + 9*h**2/2 + 10. Let f(n) be the second derivative of y(n). Determine f(-5).
5
Let g(p) = -p**3 - 9*p**2 + 9*p - 20. Suppose -u = 21*u + 220. Calculate g(u).
-10
Suppose 10*d = 6*d. Let w = d - -2. Let x(z) = -3*z**2 - z + z**w + 3*z**2 + 1. Calculate x(2).
3
Let g(c) = -3*c - 1. Let z(o) = -7*o - 2. Let i = -12 - 16. Let p = i + 41. Let j(s) = p*g(s) - 6*z(s). Give j(-4).
-13
Let x(i) = -i + 1. Let o(k) = -8*k + 3. Suppose t + 19 = 4*c, 0*t - 3*t - 4*c = -23. Let g(f) = t*o(f) - 2*x(f). Let d = -9 - -11. Calculate g(d).
-11
Let h = -10 - -13. Suppose h*x = -4*w + 35, 3*x + 4*w - w = 30. Let v(z) = z - 2 + 2 - x - 1. What is v(5)?
-1
Let y(f) be the first derivative of -f**4/4 - 5*f**3/3 - 3*f**2/2 + 2*f - 104. What is y(-4)?
-2
Let d(b) be the second derivative of 0 + 0*b**3 - b - b**2 + 1/4*b**4. Let w be 2/(-1) - (-1 + 1). Calculate d(w).
10
Let o(r) = -2 - 4 + 1211*r - 1217*r + r**3 + 6*r**2. Give o(-6).
30
Let r = 1 - -1. Let g(d) be the first derivative of d**5/40 - d**4/8 + 16*d**3/3 + 13. Let y(p) be the third derivative of g(p). Calculate y(r).
3
Let d = 79/60 - 13/10. Let c(n) be the third derivative of -d*n**5 + 0*n - 2/3*n**3 + 0*n**4 - 3*n**2 + 0. Determine c(0).
-4
Suppose 0 = 4*p + 21 - 1. Let u(y) = 3*y**3 + 4*y**2 + 3*y + 6. Let k(c) = 10*c**3 + 11*c**2 + 8*c + 18. Let l(d) = -2*k(d) + 7*u(d). Determine l(p).
6
Let a be 6/5*330/198. Let z(p) be the first derivative of 0*p**a - 1/3*p**3 - 1 - 13*p. What is z(0)?
-13
Let j(g) = g**2 - 6*g - 1. Let l(u) = u**2 - 6*u + 7. Let c be l(1). Let o(b) = 2*b**2 - 6*b + 7. Let m be o(c). What is j(m)?
-10
Let x(c) = -c**3 + 9*c**2 - 15*c + 8. Suppose 4*s = 0, 4*s = -2*o + 12 + 2. Let l be x(o). Let i(f) = -4*f. What is i(l)?
-4
Let q = -54 - -56. Suppose -n = 2*d + d - 26, q*n = 5*d - 25. Let b(y) = -y + 3. Calculate b(d).
-4
Let n(y) = -3*y. Suppose 0*g - 5*g = 75. Suppose -3*b - 26 = 34. Let r be 3/g - (-16)/b. Determine n(r).
3
Suppose -20*y + 12 = -22*y. Let l be 1 - (-5 + 5/((-15)/y)). Let t(f) = -f**2 + 9*f + 1. What is t(l)?
21
Let m = -1039 - -1042. Let c(l) = -4*l + 1. Determine c(m).
-11
Let c(p) = -p**2 + 4*p + 3. Let j(x) = -3*x - 2*x + 2*x - 51 + 19. Let s be j(-10). Give c(s).
-9
Let b(z) be the second derivative of -z**4/3 + z**3/2 + z**2/2 - 36*z - 1. Determine b(3).
-26
Let o(d) be the third derivative of -d**4/24 - d**3/3 - 172*d**2. Give o(0).
-2
Let z(r) = 0*r - 2 + 11 - 2 + 7*r + 1. Calculate z(-4).
-20
Let i(f) = f**3 - 17*f**2 + f - 16. Let c be i(17). Let y be -1 + 7 + (c - 3). Suppose -19 = 3*x - y*v, 2*v - 4 = 4*x + 8. Let j(u) = -u**2 - u. Determine j(x).
0
Let i(o) = -o**2 + 2*o + 1. Let q(j) = 5*j**2 - 15*j + 4. Let g(v) = -4*i(v) - q(v). What is g(4)?
4
Let l(p) be the third derivative of p**4/6 - p**3/6 + 2*p**2 - 3*p. Determine l(-10).
-41
Let f(i) = 26*i + 21. Let v(s) = 5*s + 4. Let w be (0 - 23) + -2 + 3. Let h(z) = w*v(z) + 4*f(z). What is h(-3)?
14
Let v(o) be the third derivative of o**5/60 + o**4/